ate the remainder when 123 is divided by p.
3
Suppose 117 = 18*g + 5*g - 596. Calculate the remainder when 89 is divided by g.
27
Let f be ((-3)/2)/(4*(-15)/200). Let d(r) = -7*r + 55. What is the remainder when 94 is divided by d(f)?
14
Let j(q) = 32*q + 166. What is the remainder when 1283 is divided by j(-5)?
5
Suppose -139*f + 32141 = -3721. What is the remainder when f is divided by 9?
6
Let f = 0 - -2. Suppose -490 = -3*k - 25*r + 20*r, 0 = 5*k - f*r - 765. Calculate the remainder when k is divided by 32.
27
Let i(m) = m**3 + 22*m**2 - 48*m + 4. Let y be i(-24). Suppose 2*l = 4*o - 10 + 304, -8 = y*o. What is the remainder when l is divided by 39?
26
Suppose -q = -10*p + 12*p - 242, 2*p = 4*q + 242. What is the remainder when p is divided by 56?
9
Let i(r) = -14*r + 1. Suppose 78*s = 83*s - 3*t - 1143, 171 = s + 9*t. What is the remainder when s is divided by i(-4)?
54
Let x be -2*(-1)/((-12)/(-18)). Let b(u) = 2*u**3 - 2*u**2 + 2*u + 5. What is the remainder when 140 is divided by b(x)?
46
Let p be -6 + -286*3/(-6). Suppose 0 = 2*y + 4*z - 322, -z - p = -y + 3*z. Calculate the remainder when y is divided by 14.
13
Suppose -2 = i + 2*y, -i + 15 = 2*i - y. Let r(g) = 27*g - 52. Calculate the remainder when i is divided by r(2).
0
Let r(b) = b**2 - 328*b + 7873. Calculate the remainder when 14/(-21) + (-140)/(-3) is divided by r(26).
4
Let l = -18 - -18. Suppose l = 5*f - 18*f + 221. What is the remainder when 100 is divided by f?
15
Let n(h) = -67*h - 432. What is the remainder when 2145 is divided by n(-7)?
36
Calculate the remainder when 3237 is divided by -6 + 22 + -14 + -1 + 17.
15
Let w be (-15)/(-60)*(0 - (-3 - 1)). What is the remainder when (-16)/(-6)*(-3)/2 - -50 is divided by w/(-3)*-9 - -2?
1
Let f(m) = -237*m**3 - m**2 - m + 2. Let t be f(1). Let n = -92 - t. Calculate the remainder when n is divided by 49.
47
Suppose -22*d = -28*d + 216. Suppose 6 - 15 = -3*a, -5*t + d = -3*a. What is the remainder when 35 is divided by t?
8
Let k(a) = a**2 - 3*a + 6. Let o be k(0). Calculate the remainder when (-1)/(18/(-1284)*o/9) is divided by 55.
52
Let b = -84 + 159. Let g be 26/(1 - (-14)/(-18)). Let s = g - 104. What is the remainder when b is divided by s?
10
What is the remainder when 406 is divided by ((-6)/(-10) - (-2086)/15) + 82/(-123)?
128
Let b be (1281/28)/(3/8). Let d = -119 + b. Suppose 5*p - 247 = -4*k, -6*p + d*k - 147 = -9*p. Calculate the remainder when p is divided by 26.
25
Suppose 2 = 2*d - 2*m, -4*d + 20 = 2*m + 2*m. Let j(y) = -2 + 3*y**3 - 2*y**d + 8*y**2 + 16 - y + 2*y. Calculate the remainder when 22 is divided by j(-8).
4
Calculate the remainder when (-5)/(275/44) + (-11188)/(-10) is divided by 220.
18
Suppose 0 = -87*f + 635 + 931. Suppose -18 = 4*v + 10. Calculate the remainder when f is divided by (0 - (v - -3)) + 1.
3
Let n(m) = 191*m - 936. Calculate the remainder when 245 is divided by n(5).
17
Let a be 1020/180 + (-2)/3. Suppose 0 = -4*i + 4*c + 124, -a*i + 136 = -i + 2*c. What is the remainder when 243 is divided by i?
12
Let q(g) = -g**2 - 10*g + 4. Let r be (-9)/(-5) + 2 + (-9)/5. Suppose 0 = -3*k + r + 13. What is the remainder when q(-9) is divided by k?
3
Suppose -99*l + 693 = 455 - 1445. Let i = 16 - 9. Calculate the remainder when l is divided by i.
3
Let v(i) = 2*i**2 + 69*i + 186. What is the remainder when 787 is divided by v(-32)?
7
Suppose -59064 = -96*m - 54*m + 81*m. Calculate the remainder when m is divided by 86.
82
Let d(n) = -4*n - 11. Let b be d(-5). Suppose -u - b = -4*u - 3*a, -14 = -4*u - 5*a. What is the remainder when 16 is divided by (u + -5)/((-10)/(-3) + -4)?
4
Suppose -2*n + 4*n - 798 = -5*b, -4*n = -b + 142. Let j(x) = 7 + 10*x + 2*x**2 - 16 + 2*x. Calculate the remainder when b is divided by j(-8).
20
Suppose 9749 = h - 5*p + 9664, 5*p + 235 = 4*h. Let a = -57 - -127. What is the remainder when a is divided by h?
20
Let g(s) = 3*s**2 - 24*s - 103. Suppose 5*p = -5*z + z - 38, -2*p = -2*z + 8. What is the remainder when g(p) is divided by 17?
13
Let i(j) = -42*j**2 + 36 + 42*j**2 + 29*j**2 - 27*j + j**3 - 2*j. Calculate the remainder when 10 is divided by i(-30).
4
Let g(a) = -a**3 + 6*a**2 - 9. Let s be g(5). Suppose -20*z = -s*z - 204. Let w = -32 + z. What is the remainder when 68 is divided by w?
11
Let l = 35 - 12. Let x = 1979 - 1888. What is the remainder when x is divided by l?
22
Let z = 8862 - 7899. What is the remainder when z is divided by 138?
135
Let c be (24/40)/((-4)/(-300)). Let v be ((-2)/(-15) - 141/c)/(-1). Suppose h + v*y - 17 = -0*y, -41 = -h + 5*y. What is the remainder when h is divided by 7?
5
Let n(s) = -s**2 - 108*s - 1363. What is the remainder when 415 is divided by n(-93)?
31
Let g = -12182 + 13441. What is the remainder when g is divided by 30?
29
Let p(x) = -x**2 + 30*x - 181. Let i be p(18). Suppose 0 = -i*y + 39*y - 472. Calculate the remainder when y is divided by 16.
6
Let p(i) = -i**3 - 5*i**2 + 5*i + 1. Let z = 5564 - 5364. Calculate the remainder when z is divided by p(-6).
4
Let h be (-16 - -65) + 1 + 4. Suppose 22*g - h = 20*g. What is the remainder when 132 is divided by g?
24
Suppose -12*o - 2715 = 8*o - 46835. What is the remainder when o is divided by 146?
16
Suppose 5*i = 4*f + 1430, i + 4*f - 65 = 245. What is the remainder when 86 is divided by (-440)/(-528) - i/(-12)?
11
Suppose 7*z + 138 = 9*z. Suppose -1580 = -0*h - 20*h. Let n = h + -61. Calculate the remainder when z is divided by n.
15
Let u = 2923 - 2910. Suppose 4*p = -5*o + 522, 2*p = -o + 311 - 53. Let y = p + -90. Calculate the remainder when y is divided by u.
12
Suppose 5*b - 2046 = -b. Let f = b + -319. Calculate the remainder when 128 is divided by f.
18
Suppose 9*q - 198 + 252 = 0. Calculate the remainder when 334 is divided by 20/(-30)*(111/q + -1).
9
Let d(n) = -329*n - 6872. Calculate the remainder when d(-21) is divided by 28.
9
Suppose -8*d + 12*d = 4. Let g = d + 1. Suppose a + 5*c = -2*a + 38, 3*a = -g*c + 44. What is the remainder when a is divided by 10?
6
Suppose 187 - 807 = -164*a + 133*a. Let u = 219 + -2. Calculate the remainder when u is divided by a.
17
Let a(y) = 5*y**2 + 21*y - 7. Let t be a(22). Suppose 3*n + u = t, 0 = 3*n - 5*u + 8 - 2877. Calculate the remainder when n is divided by 40.
38
Let t(z) = -2*z - 85. Let l(y) = -1. Let c(g) = 6*l(g) - t(g). Calculate the remainder when 159 is divided by c(-19).
36
Let r(b) = -35*b + 6 + 0 - 7*b - 1. Suppose y + 3 = 0, -3*z - 3*y + 2*y = 9. Calculate the remainder when r(z) is divided by 23.
20
Let z be (1/2)/(12/(648/9)). Suppose 0 = -2*u + 2*a + 468, z*a + 937 = -23*u + 27*u. What is the remainder when u is divided by 7/((0 - 2)/(-4))?
11
Suppose -170*f + 77360 = 150*f + 17840. Let b(l) = l**2 - 5*l + 2. What is the remainder when f is divided by b(-4)?
34
Let q(i) = 4*i**2 + 784*i + 3116. Calculate the remainder when (-158)/(-4)*60/6 is divided by q(-4).
43
Suppose d = 4*s + 20, -3*d - 5*s = -0*d - 26. What is the remainder when 571 is divided by 3*(-4)/d - -42?
38
What is the remainder when 3563 is divided by (-1286200)/(-6490) - (-2)/(-11)?
197
Suppose 5*g - r - 47 = 0, 5 = g + 2*r - 0. Suppose 806 = g*i + 257. Calculate the remainder when i is divided by 11.
6
Let w = 15057 + -14136. Calculate the remainder when w is divided by 10.
1
Suppose -139*q + 45061 + 2423 = -3390. What is the remainder when q is divided by 105?
51
Let p(t) = -t**3 + 9*t**2 + 14*t - 116. Let r be p(10). Let b be 22*(10/(-4) + -1). Let k = r - b. Calculate the remainder when 2 is divided by k.
0
Suppose -13*x - 4*z - 1145 = -16*x, 0 = x + 3*z - 360. Calculate the remainder when 662 is divided by x.
287
Let q(l) = -2*l**2 + 6*l - 3. Let i be q(6). Let p = i - -57. Suppose 70*n + 1377 - 3757 = 0. What is the remainder when n is divided by p?
16
Suppose 3*g - 4*c - 1686 = 0, 15 = -103*c + 98*c. Calculate the remainder when g is divided by 212.
134
Let k(z) = -2*z - 285. Calculate the remainder when k(-160) is divided by 13.
9
Let s be -2 - 16/(-6) - (-2)/(-3). Suppose -12 = -4*w - 2*g, 3*g - 9 = -3*w - s*w. What is the remainder when 3 is divided by w?
0
Suppose -2*l + 9 = -3*l + 5*g, 2*l + g = 15. Suppose -2*h = -5*h + l, 2*h - 380 = -4*x. What is the remainder when x is divided by 32?
30
Calculate the remainder when 